{"id":14514,"date":"2021-05-31T17:54:06","date_gmt":"2021-05-31T17:54:06","guid":{"rendered":"http:\/\/ahoussou.segoor.net\/projects\/hamaarys\/?page_id=14514"},"modified":"2021-08-03T16:42:39","modified_gmt":"2021-08-03T16:42:39","slug":"actualite-internationales","status":"publish","type":"page","link":"https:\/\/hamaarys.net\/index.php\/actualite-internationales\/","title":{"rendered":"ACTUALIT\u00c9S INTERNATIONALES"},"content":{"rendered":"\t\t<div data-elementor-type=\"wp-page\" data-elementor-id=\"14514\" class=\"elementor elementor-14514\" data-elementor-settings=\"[]\">\n\t\t\t\t\t\t\t<div class=\"elementor-section-wrap\">\n\t\t\t\t\t\t\t<section class=\"elementor-section elementor-top-section elementor-element elementor-element-7f08fed elementor-section-boxed elementor-section-height-default elementor-section-height-default\" data-id=\"7f08fed\" data-element_type=\"section\">\n\t\t\t\t\t\t<div class=\"elementor-container elementor-column-gap-default\">\n\t\t\t\t\t<div class=\"elementor-column elementor-col-100 elementor-top-column elementor-element elementor-element-5cd5e2b\" data-id=\"5cd5e2b\" data-element_type=\"column\">\n\t\t\t<div class=\"elementor-widget-wrap elementor-element-populated\">\n\t\t\t\t\t\t\t\t<div class=\"elementor-element elementor-element-f5c539a elementor-widget elementor-widget-heading\" data-id=\"f5c539a\" data-element_type=\"widget\" data-widget_type=\"heading.default\">\n\t\t\t\t<div class=\"elementor-widget-container\">\n\t\t\t<h3 class=\"elementor-heading-title elementor-size-default\">P\u00e9trole | Angola : L'attribution des concessions p\u00e9troli\u00e8res d\u00e9butera en Avril<\/h3>\t\t<\/div>\n\t\t\t\t<\/div>\n\t\t\t\t\t<\/div>\n\t\t<\/div>\n\t\t\t\t\t\t\t<\/div>\n\t\t<\/section>\n\t\t\t\t<section class=\"elementor-section elementor-top-section elementor-element elementor-element-dc68863 elementor-section-boxed elementor-section-height-default elementor-section-height-default\" data-id=\"dc68863\" data-element_type=\"section\">\n\t\t\t\t\t\t<div class=\"elementor-container elementor-column-gap-default\">\n\t\t\t\t\t<div class=\"elementor-column elementor-col-100 elementor-top-column elementor-element elementor-element-13639c9\" data-id=\"13639c9\" data-element_type=\"column\">\n\t\t\t<div class=\"elementor-widget-wrap elementor-element-populated\">\n\t\t\t\t\t\t\t\t<div class=\"elementor-element elementor-element-62d8f35 elementor-widget elementor-widget-image\" data-id=\"62d8f35\" data-element_type=\"widget\" data-widget_type=\"image.default\">\n\t\t\t\t<div class=\"elementor-widget-container\">\n\t\t\t\t\t\t\t\t\t\t\t\t\t\t\t<img loading=\"lazy\" decoding=\"async\" width=\"640\" height=\"426\" src=\"https:\/\/hamaarys.net\/wp-content\/uploads\/2021\/05\/article4.jpg\" class=\"attachment-large size-large\" alt=\"\" srcset=\"https:\/\/hamaarys.net\/wp-content\/uploads\/2021\/05\/article4.jpg 650w, https:\/\/hamaarys.net\/wp-content\/uploads\/2021\/05\/article4-300x200.jpg 300w, https:\/\/hamaarys.net\/wp-content\/uploads\/2021\/05\/article4-365x243.jpg 365w, https:\/\/hamaarys.net\/wp-content\/uploads\/2021\/05\/article4-600x400.jpg 600w\" sizes=\"auto, (max-width: 640px) 100vw, 640px\" \/>\t\t\t\t\t\t\t\t\t\t\t\t\t\t\t<\/div>\n\t\t\t\t<\/div>\n\t\t\t\t\t<\/div>\n\t\t<\/div>\n\t\t\t\t\t\t\t<\/div>\n\t\t<\/section>\n\t\t\t\t<section class=\"elementor-section elementor-top-section elementor-element elementor-element-6fece08 elementor-section-boxed elementor-section-height-default elementor-section-height-default\" data-id=\"6fece08\" data-element_type=\"section\">\n\t\t\t\t\t\t<div class=\"elementor-container elementor-column-gap-default\">\n\t\t\t\t\t<div class=\"elementor-column elementor-col-100 elementor-top-column elementor-element elementor-element-b30c056\" data-id=\"b30c056\" data-element_type=\"column\">\n\t\t\t<div class=\"elementor-widget-wrap elementor-element-populated\">\n\t\t\t\t\t\t\t\t<div class=\"elementor-element elementor-element-b36cbad elementor-widget elementor-widget-text-editor\" data-id=\"b36cbad\" data-element_type=\"widget\" data-widget_type=\"text-editor.default\">\n\t\t\t\t<div class=\"elementor-widget-container\">\n\t\t\t\t\t\t\t\t<p class=\"western\"><span style=\"color: #040404;\"><span style=\"font-family: Times New Roman, serif;\"><span style=\"font-size: large;\"><span lang=\"fr-CI\">L\u2019Agence nationale du p\u00e9trole, du gaz et des biocarburants (ANPG), dans le cadre de la Strat\u00e9gie g\u00e9n\u00e9rale d\u2019attribution des concessions p\u00e9troli\u00e8res 2019-2025, a annonc\u00e9 le 31 d\u00e9cembre 2020 son intention de soumissionner les blocs CON1, CON5 et CON6 (Onshore Lower Congo Basin) et les blocs KON5, KON6, KON8, KON9, KON17 et KON20 (Onshore Kwanza Basin), commen\u00e7ant ainsi le processus de promotion.<\/span><\/span><\/span><\/span><\/p><p class=\"western\"><span style=\"color: #040404;\"><span style=\"font-family: Times New Roman, serif;\"><span style=\"font-size: large;\"><span lang=\"fr-CI\">Actuellement, plusieurs activit\u00e9s sont en cours qui garantissent une plus grande implication des investisseurs int\u00e9ress\u00e9s par le processus r\u00e9f\u00e9r\u00e9, \u00e0 savoir: la r\u00e9alisation de showrooms de donn\u00e9es; la vente de paquets de donn\u00e9es des blocs sur offre; sessions pour clarifier le processus de candidature 2020;et des rencontres individuelles organis\u00e9es avec des investisseurs int\u00e9ress\u00e9s.<\/span><\/span><\/span><\/span><\/p><p class=\"western\"><span style=\"color: #040404;\"><span style=\"font-family: Times New Roman, serif;\"><span style=\"font-size: large;\"><span lang=\"fr-CI\">Le processus de promotion en cours se terminera par le lancement officiel de l\u2019appel d\u2019offres public, le 30 avril, lorsque les r\u00e8gles, proc\u00e9dures et termes de r\u00e9f\u00e9rence de l\u2019offre mentionn\u00e9e seront publi\u00e9s.<\/span><\/span><\/span><\/span><\/p><p class=\"western\"><span style=\"color: #040404;\"><span style=\"font-family: Times New Roman, serif;\"><span style=\"font-size: large;\"><span lang=\"fr-CI\">Apr\u00e8s le lancement de l\u2019appel d\u2019offres, les investisseurs ont jusqu\u2019\u00e0 40 jours pour soumettre leurs propositions, ainsi que la preuve de paiement du droit d\u2019entr\u00e9e de 1 000 000,00 $ (un million USD) et des documents attestant sa bonne r\u00e9putation, sa capacit\u00e9 technique et financi\u00e8re.Ces documents sont pertinents pour que les parties int\u00e9ress\u00e9es se conforment aux exigences d\u2019un associ\u00e9 du concessionnaire national concernant le statut d\u2019exploitant et de non-exploitant, dans les conditions pr\u00e9vues aux paragraphes 1 et 2 de l\u2019article Nr.45 de la loi no.10\/04, du 12 novembre (Activit\u00e9s p\u00e9troli\u00e8res (loi), en liaison avec les articles n \u00b0 3, 4 et 5 du d\u00e9cret pr\u00e9sidentiel n \u00b0 86\/18, du 2 avril (R\u00e8gles et proc\u00e9dures pour les appels d\u2019offres pour l\u2019acquisition de la qualit\u00e9 d\u2019associ\u00e9 du concessionnaire national et de la passation de march\u00e9s de biens et services dans le secteur p\u00e9trolier).<\/span><\/span><\/span><\/span><\/p><p class=\"western\"><span style=\"color: #040404;\"><span style=\"font-family: Times New Roman, serif;\"><span style=\"font-size: large;\"><span lang=\"fr-CI\">Afin de sauvegarder les droits et obligations des associ\u00e9s du concessionnaire national, les investisseurs doivent conna\u00eetre les dispositions de la loi no.10\/04 (articles N \u00b0 29, 30 et 31) et le contrat \u00e0 signer, comme suit:<\/span><\/span><\/span><\/span><\/p><ol><li><p class=\"western\"><span style=\"color: #040404;\"><span style=\"font-family: Times New Roman, serif;\"><span style=\"font-size: large;\"><span lang=\"fr-CI\">a) Les appels de tr\u00e9sorerie obligatoires pour les op\u00e9rations, et toutes les obligations selon les termes \u00e9tablis par la loi no. 10\/4;<\/span><\/span><\/span><\/span><\/p><\/li><li><p class=\"western\"><span style=\"color: #040404;\"><span style=\"font-family: Times New Roman, serif;\"><span style=\"font-size: large;\"><span lang=\"fr-CI\">b) L\u2019investissement dans la p\u00e9riode d\u2019exploration n\u2019est pas r\u00e9cup\u00e9r\u00e9 en cas d\u2019\u00e9chec;<\/span><\/span><\/span><\/span><\/p><\/li><li><p class=\"western\"><span style=\"color: #040404;\"><span style=\"font-family: Times New Roman, serif;\"><span style=\"font-size: large;\"><span lang=\"fr-CI\">c) les obligations de travail minimales qui doivent \u00eatre assur\u00e9es par une garantie financi\u00e8re, telles qu\u2019\u00e9tablies dans l\u2019accord de partage de production;<\/span><\/span><\/span><\/span><\/p><\/li><li><p class=\"western\"><span style=\"color: #040404;\"><span style=\"font-family: Times New Roman, serif;\"><span style=\"font-size: large;\"><span lang=\"fr-CI\">d) L\u2019ex\u00e9cution des programmes de travail doit avoir lieu dans les d\u00e9lais fix\u00e9s.<\/span><\/span><\/span><\/span><\/p><\/li><\/ol><p class=\"western\"><span style=\"color: #040404;\"><span style=\"font-family: Times New Roman, serif;\"><span style=\"font-size: large;\"><span lang=\"fr-CI\">Pour plus d\u2019informations sur le processus d\u2019appel d\u2019offres 2020 et la l\u00e9gislation angolaise, les investisseurs peuvent acc\u00e9der au site Web <\/span><\/span><\/span><\/span><a href=\"https:\/\/anpg.co.ao\/\"><span style=\"color: #eb2f21;\"><span style=\"font-family: Times New Roman, serif;\"><span style=\"font-size: large;\"><span lang=\"fr-CI\"><u>https:\/\/anpg.co.ao\/<\/u><\/span><\/span><\/span><\/span><\/a><\/p>\t\t\t\t\t\t<\/div>\n\t\t\t\t<\/div>\n\t\t\t\t\t<\/div>\n\t\t<\/div>\n\t\t\t\t\t\t\t<\/div>\n\t\t<\/section>\n\t\t\t\t<section class=\"elementor-section elementor-top-section elementor-element elementor-element-f250a0d elementor-section-boxed elementor-section-height-default elementor-section-height-default\" data-id=\"f250a0d\" data-element_type=\"section\">\n\t\t\t\t\t\t<div class=\"elementor-container elementor-column-gap-default\">\n\t\t\t\t\t<div class=\"elementor-column elementor-col-100 elementor-top-column elementor-element elementor-element-5c0cdab\" data-id=\"5c0cdab\" data-element_type=\"column\">\n\t\t\t<div class=\"elementor-widget-wrap elementor-element-populated\">\n\t\t\t\t\t\t\t\t<div class=\"elementor-element elementor-element-c28554d elementor-widget elementor-widget-heading\" data-id=\"c28554d\" data-element_type=\"widget\" data-widget_type=\"heading.default\">\n\t\t\t\t<div class=\"elementor-widget-container\">\n\t\t\t<h3 class=\"elementor-heading-title elementor-size-default\">P\u00e9trole | Nig\u00e9ria : Le D\u00e9partement des ressources p\u00e9troli\u00e8res (DPR) a r\u00e9voqu\u00e9 quatre licences d'exploitation<\/h3>\t\t<\/div>\n\t\t\t\t<\/div>\n\t\t\t\t\t<\/div>\n\t\t<\/div>\n\t\t\t\t\t\t\t<\/div>\n\t\t<\/section>\n\t\t\t\t<section class=\"elementor-section elementor-top-section elementor-element elementor-element-cc69e8a elementor-section-boxed elementor-section-height-default elementor-section-height-default\" data-id=\"cc69e8a\" data-element_type=\"section\">\n\t\t\t\t\t\t<div class=\"elementor-container elementor-column-gap-default\">\n\t\t\t\t\t<div class=\"elementor-column elementor-col-100 elementor-top-column elementor-element elementor-element-253ad85\" data-id=\"253ad85\" data-element_type=\"column\">\n\t\t\t<div class=\"elementor-widget-wrap elementor-element-populated\">\n\t\t\t\t\t\t\t\t<div class=\"elementor-element elementor-element-7ab6012 elementor-widget elementor-widget-image\" data-id=\"7ab6012\" data-element_type=\"widget\" data-widget_type=\"image.default\">\n\t\t\t\t<div class=\"elementor-widget-container\">\n\t\t\t\t\t\t\t\t\t\t\t\t\t\t\t<img loading=\"lazy\" decoding=\"async\" width=\"620\" height=\"330\" src=\"https:\/\/hamaarys.net\/wp-content\/uploads\/2021\/05\/article5.jpg\" class=\"attachment-large size-large\" alt=\"\" srcset=\"https:\/\/hamaarys.net\/wp-content\/uploads\/2021\/05\/article5.jpg 620w, https:\/\/hamaarys.net\/wp-content\/uploads\/2021\/05\/article5-300x160.jpg 300w, https:\/\/hamaarys.net\/wp-content\/uploads\/2021\/05\/article5-600x319.jpg 600w\" sizes=\"auto, (max-width: 620px) 100vw, 620px\" \/>\t\t\t\t\t\t\t\t\t\t\t\t\t\t\t<\/div>\n\t\t\t\t<\/div>\n\t\t\t\t<div class=\"elementor-element elementor-element-de6336f elementor-widget elementor-widget-text-editor\" data-id=\"de6336f\" data-element_type=\"widget\" data-widget_type=\"text-editor.default\">\n\t\t\t\t<div class=\"elementor-widget-container\">\n\t\t\t\t\t\t\t\t<p class=\"western\"><span style=\"color: #040404;\"><span style=\"font-family: Times New Roman, serif;\"><span style=\"font-size: large;\"><span lang=\"fr-CI\">Mercredi, la direction des ressources p\u00e9troli\u00e8res du minist\u00e8re nig\u00e9rian de l\u2019Energie, a annonc\u00e9 la r\u00e9vocation de quatre licences d\u2019exploitation p\u00e9troli\u00e8re appartenant \u00e0 la soci\u00e9t\u00e9 chinoise Addax Petroleum. Il s\u2019agit des blocs OML\u00a0123, 124, 126 et 137. Sarki Auwalu, le directeur de la DPR a expliqu\u00e9 dans un communiqu\u00e9 publi\u00e9 sur le site de l\u2019organe que cette d\u00e9cision est due \u00e0 un d\u00e9veloppement insuffisant des ressources de ces p\u00e9rim\u00e8tres par l\u2019op\u00e9rateur.<\/span><\/span><\/span><\/span><\/p><p class=\"western\"><span style=\"color: #040404;\"><span style=\"font-family: Times New Roman, serif;\"><span style=\"font-size: large;\"><span lang=\"fr-CI\">S\u2019exprimant lors d\u2019une s\u00e9ance interactive avec des journalistes \u00e0 Lagos mardi, le directeur \/ chef de la direction de DPR, M. Sarki Auwalu, qui a r\u00e9v\u00e9l\u00e9 cela, a d\u00e9clar\u00e9 qu\u2019il avait \u00e9t\u00e9 d\u00e9couvert que plus de 50% des actifs \u00e9taient rest\u00e9s sous-d\u00e9velopp\u00e9s, ce qui, selon lui, \u00e9tait r\u00e9sultant d\u2019une perte de revenus pour le gouvernement f\u00e9d\u00e9ral.<\/span><\/span><\/span><\/span><\/p><p class=\"western\"><span style=\"color: #040404;\"><span style=\"font-family: Times New Roman, serif;\"><span style=\"font-size: large;\"><span lang=\"fr-CI\">Selon lui, \u00abAddax a refus\u00e9 de d\u00e9velopper les actifs et Addax n\u2019exploitait donc pas les actifs.\u00bb<\/span><\/span><\/span><\/span><\/p><p class=\"western\"><span style=\"color: #040404;\"><span style=\"font-family: Times New Roman, serif;\"><span style=\"font-size: large;\"><span lang=\"fr-CI\">Le patron de la DPR a soulign\u00e9 que selon la loi sur le p\u00e9trole du pays, \u00abla premi\u00e8re raison d\u2019une r\u00e9vocation est lorsque vous d\u00e9couvrez que l\u2019actif n\u2019est pas d\u00e9velopp\u00e9 conform\u00e9ment aux directives commerciales, car il s\u2019agit d\u2019un sabotage \u00e9conomique<\/span><\/span><\/span><\/span><\/p>\t\t\t\t\t\t<\/div>\n\t\t\t\t<\/div>\n\t\t\t\t\t<\/div>\n\t\t<\/div>\n\t\t\t\t\t\t\t<\/div>\n\t\t<\/section>\n\t\t\t\t\t\t<\/div>\n\t\t\t\t\t<\/div>\n\t\t","protected":false},"excerpt":{"rendered":"<p>P\u00e9trole | Angola : L&#8217;attribution des concessions p\u00e9troli\u00e8res d\u00e9butera en Avril L\u2019Agence nationale du p\u00e9trole, du gaz et des biocarburants (ANPG), dans le cadre de la Strat\u00e9gie g\u00e9n\u00e9rale d\u2019attribution des concessions p\u00e9troli\u00e8res 2019-2025, a annonc\u00e9 le 31 d\u00e9cembre 2020 son intention de soumissionner les blocs CON1, CON5 et CON6 (Onshore Lower Congo Basin) et les&#8230;<\/p>\n","protected":false},"author":1,"featured_media":0,"parent":0,"menu_order":0,"comment_status":"closed","ping_status":"closed","template":"","meta":{"footnotes":""},"class_list":["post-14514","page","type-page","status-publish","hentry"],"_links":{"self":[{"href":"https:\/\/hamaarys.net\/index.php\/wp-json\/wp\/v2\/pages\/14514","targetHints":{"allow":["GET"]}}],"collection":[{"href":"https:\/\/hamaarys.net\/index.php\/wp-json\/wp\/v2\/pages"}],"about":[{"href":"https:\/\/hamaarys.net\/index.php\/wp-json\/wp\/v2\/types\/page"}],"author":[{"embeddable":true,"href":"https:\/\/hamaarys.net\/index.php\/wp-json\/wp\/v2\/users\/1"}],"replies":[{"embeddable":true,"href":"https:\/\/hamaarys.net\/index.php\/wp-json\/wp\/v2\/comments?post=14514"}],"version-history":[{"count":24,"href":"https:\/\/hamaarys.net\/index.php\/wp-json\/wp\/v2\/pages\/14514\/revisions"}],"predecessor-version":[{"id":14909,"href":"https:\/\/hamaarys.net\/index.php\/wp-json\/wp\/v2\/pages\/14514\/revisions\/14909"}],"wp:attachment":[{"href":"https:\/\/hamaarys.net\/index.php\/wp-json\/wp\/v2\/media?parent=14514"}],"curies":[{"name":"wp","href":"https:\/\/api.w.org\/{rel}","templated":true}]}}